te the remainder when 47 is divided by 5.
2
What is the remainder when 171 is divided by 58?
55
Calculate the remainder when 211 is divided by 54.
49
What is the remainder when 252 is divided by 86?
80
What is the remainder when 843 is divided by 47?
44
What is the remainder when 228 is divided by 66?
30
Calculate the remainder when 73 is divided by 7.
3
What is the remainder when 351 is divided by 275?
76
What is the remainder when 216 is divided by 64?
24
Calculate the remainder when 361 is divided by 41.
33
What is the remainder when 555 is divided by 36?
15
Calculate the remainder when 17 is divided by 9.
8
What is the remainder when 66 is divided by 14?
10
Calculate the remainder when 265 is divided by 53.
0
What is the remainder when 88 is divided by 26?
10
Calculate the remainder when 298 is divided by 100.
98
Calculate the remainder when 7909 is divided by 10.
9
Calculate the remainder when 244 is divided by 35.
34
What is the remainder when 411 is divided by 83?
79
What is the remainder when 1785 is divided by 19?
18
What is the remainder when 1004 is divided by 199?
9
What is the remainder when 1568 is divided by 225?
218
Calculate the remainder when 742 is divided by 14.
0
What is the remainder when 281 is divided by 95?
91
What is the remainder when 671 is divided by 46?
27
What is the remainder when 1714 is divided by 27?
13
What is the remainder when 23 is divided by 5?
3
Calculate the remainder when 36 is divided by 12.
0
What is the remainder when 7596 is divided by 14?
8
What is the remainder when 380 is divided by 97?
89
Calculate the remainder when 376 is divided by 9.
7
Calculate the remainder when 30 is divided by 3.
0
What is the remainder when 112 is divided by 32?
16
What is the remainder when 213 is divided by 196?
17
What is the remainder when 39 is divided by 14?
11
What is the remainder when 359 is divided by 13?
8
What is the remainder when 2696 is divided by 28?
8
Calculate the remainder when 816 is divided by 4.
0
What is the remainder when 884 is divided by 300?
284
What is the remainder when 120 is divided by 35?
15
What is the remainder when 2682 is divided by 192?
186
What is the remainder when 633 is divided by 12?
9
Calculate the remainder when 107 is divided by 75.
32
Calculate the remainder when 1338 is divided by 14.
8
Calculate the remainder when 289 is divided by 60.
49
Calculate the remainder when 32 is divided by 11.
10
Calculate the remainder when 719 is divided by 179.
3
Calculate the remainder when 2144 is divided by 65.
64
Calculate the remainder when 228 is divided by 72.
12
Calculate the remainder when 35602 is divided by 43.
41
What is the remainder when 1039 is divided by 33?
16
What is the remainder when 441 is divided by 402?
39
Calculate the remainder when 592 is divided by 583.
9
Calculate the remainder when 372 is divided by 80.
52
Calculate the remainder when 4362 is divided by 120.
42
Calculate the remainder when 106 is divided by 63.
43
What is the remainder when 2350 is divided by 12?
10
Calculate the remainder when 58 is divided by 16.
10
What is the remainder when 5796 is divided by 1447?
8
What is the remainder when 2527 is divided by 9?
7
What is the remainder when 320 is divided by 48?
32
What is the remainder when 361 is divided by 8?
1
What is the remainder when 228 is divided by 60?
48
What is the remainder when 339 is divided by 34?
33
Calculate the remainder when 973 is divided by 75.
73
What is the remainder when 225 is divided by 125?
100
Calculate the remainder when 1618 is divided by 74.
64
Calculate the remainder when 95 is divided by 16.
15
Calculate the remainder when 462 is divided by 58.
56
What is the remainder when 643 is divided by 38?
35
Calculate the remainder when 56 is divided by 26.
4
What is the remainder when 1054 is divided by 133?
123
What is the remainder when 1050 is divided by 117?
114
What is the remainder when 1323 is divided by 659?
5
What is the remainder when 115 is divided by 17?
13
What is the remainder when 357 is divided by 8?
5
What is the remainder when 34 is divided by 26?
8
What is the remainder when 1174 is divided by 12?
10
Calculate the remainder when 75 is divided by 24.
3
Calculate the remainder when 176 is divided by 10.
6
Calculate the remainder when 1392 is divided by 82.
80
What is the remainder when 247 is divided by 86?
75
Calculate the remainder when 255 is divided by 16.
15
Calculate the remainder when 124 is divided by 27.
16
What is the remainder when 241 is divided by 31?
24
What is the remainder when 262 is divided by 39?
28
Calculate the remainder when 1402 is divided by 279.
7
Calculate the remainder when 374 is divided by 183.
8
Calculate the remainder when 1067 is divided by 1060.
7
What is the remainder when 67 is divided by 30?
7
What is the remainder when 3263 is divided by 86?
81
What is the remainder when 323 is divided by 48?
35
Calculate the remainder when 898 is divided by 82.
78
Calculate the remainder when 692 is divided by 55.
32
What is the remainder when 2561 is divided by 22?
9
Calculate the remainder when 3337 is divided by 20.
17
What is the remainder when 5746 is divided by 125?
121
Calculate the remainder when 841 is divided by 376.
89
Calculate the remainder when 16415 is divided by 9.
8
What is the remainder when 84 is divided by 23?
15
Calculate the remainder when 3474 is divided by 249.
237
What is the remainder when 134 is divided by 5?
4
What is the remainder when 3569 is divided by 19?
16
Calculate the remainder when 524 is divided by 48.
44
Calculate the remainder when 7803 is divided by 61.
56
Calculate the remainder when 117 is divided by 8.
5
Calculate the remainder when 371 is divided by 180.
11
Calculate the remainder when 265 is divided by 21.
13
Calculate the remainder when 2493 is divided by 209.
194
Calculate the remainder when 630 is divided by 107.
95
What is the remainder when 62 is divided by 11?
7
Calculate the remainder when 9404 is divided by 165.
164
What is the remainder when 1578 is divided by 10?
8
What is the remainder when 164 is divided by 51?
11
What is the remainder when 67097 is divided by 50?
47
Calculate the remainder when 158 is divided by 55.
48
What is the remainder when 81 is divided by 42?
39
Calculate the remainder when 6286 is divided by 1569.
10
Calculate the remainder when 1869 is divided by 934.
1
What is the remainder when 3362 is divided by 3356?
6
Calculate the remainder when 31 is divided by 20.
11
What is the remainder when 2018 is divided by 931?
156
What is the remainder when 193 is divided by 18?
13
Calculate the remainder when 72 is divided by 22.
6
What is the remainder when 751 is divided by 58?
55
Calculate the remainder when 363 is divided by 30.
3
Calculate the remainder when 923 is divided by 93.
86
Calculate the remainder when 59 is divided by 55.
4
What is the remainder when 2797 is divided by 71?
28
What is the remainder when 661 is divided by 37?
32
What is the remainder when 331 is divided by 53?
13
Calculate the remainder when 161 is divided by 78.
5
What is the remainder when 58 is divided by 14?
2
Calculate the remainder when 173 is divided by 80.
13
Calculate the remainder when 12 is divided by 10.
2
Calculate the remainder when 271 is divided by 79.
34
What is the remainder when 1407 is divided by 128?
127
Calculate the remainder when 640 is divided by 254.
132
What is the remainder when 641 is divided by 128?
1
What is the remainder when 153 is divided by 31?
29
Calculate the remainder when 332 is divided by 54.
8
What is the remainder when 368 is divided by 111?
35
What is the remainder when 1330 is divided by 15?
10
What is the remainder when 719 is divided by 20?
19
What is the remainder when 66 is divided by 30?
6
Calculate the remainder when 242 is divided by 27.
26
Calculate the remainder when 845 is divided by 385.
75
What is the remainder when 242 is divided by 55?
22
What is the remainder when 17 is divided by 7?
3
Calculate the remainder when 549 is divided by 176.
21
Calculate the remainder when 670 is divided by 36.
22
Calculate the remainder when 114 is divided by 13.
10
What is the remainder when 325 is divided by 71?
41
Calculate the remainder when 665 is divided by 472.
193
Calculate the remainder when 730 i